 is 220212122102 - 10121?
220212111211
In base 10, what is 3458300 + 86?
3458386
In base 14, what is -12 + -16c7a7?
-16c7b9
In base 11, what is -2081aa + 14?
-208196
In base 2, what is -101000111111011 + -11000100?
-101001010111111
In base 10, what is 522463 - -71?
522534
In base 3, what is 0 - -2100200120210?
2100200120210
In base 4, what is -11 + 11013323?
11013312
In base 8, what is -12014 + 2155?
-7637
In base 8, what is -116031160 + 3?
-116031155
In base 2, what is -101 - 1100001111101110010001001?
-1100001111101110010001110
In base 8, what is 143445000 + -5?
143444773
In base 10, what is -5426629 + -32?
-5426661
In base 8, what is -6 + 52543676?
52543670
In base 12, what is -1bb + 309b?
2aa0
In base 4, what is -10033000032 + 1?
-10033000031
In base 11, what is -92130 - -328?
-91903
In base 10, what is 11 - -6186839?
6186850
In base 12, what is -10b79 + ba?
-10a7b
In base 9, what is -14753477 + -2?
-14753480
In base 12, what is -6186 - 5420?
-b5a6
In base 12, what is -3ba7 - -17?
-3b90
In base 12, what is 1b9676 - 300?
1b9376
In base 15, what is b215ae + 5?
b215b4
In base 7, what is 2 - -13553061?
13553063
In base 5, what is 13031310 + -133?
13031122
In base 3, what is -12 - 201202122000012?
-201202122000101
In base 2, what is -1010111111100000101 + -101111011?
-1011000000010000000
In base 10, what is 102215 + 26?
102241
In base 3, what is -12002120101101 - -11?
-12002120101020
In base 14, what is 2 - 2b72310?
-2b7230c
In base 8, what is -245 + 12750355?
12750110
In base 16, what is b + c763?
c76e
In base 4, what is 20 + -10003032331?
-10003032311
In base 6, what is -2 + -1031140555?
-1031141001
In base 8, what is 54034 + -1362?
52452
In base 14, what is 1cc - 7310?
-7122
In base 4, what is -123010031223100 + 1?
-123010031223033
In base 9, what is 45383245 - -5?
45383251
In base 11, what is -28 - -70aa8a?
70aa62
In base 8, what is 36306054 + -7?
36306045
In base 6, what is -4030013454 - 1?
-4030013455
In base 13, what is -20a + -6bcc4?
-6c201
In base 14, what is -1b - -1339b32?
1339b15
In base 8, what is -40572713 + -14?
-40572727
In base 8, what is -73467 + -274?
-73763
In base 10, what is -299 + -641757?
-642056
In base 8, what is -5122 + 66511?
61367
In base 16, what is -a067e0 + d?
-a067d3
In base 10, what is 10686507 - -1?
10686508
In base 8, what is -2 + 12477212?
12477210
In base 5, what is 13 + 2411333114?
2411333132
In base 15, what is 30e - 3a318?
-3a009
In base 15, what is -652345 - 4?
-652349
In base 16, what is afd + -23d8?
-18db
In base 10, what is -359 - 36402?
-36761
In base 8, what is -72 + -623605?
-623677
In base 13, what is 4881 + 2a4?
4b55
In base 16, what is 2055 + -132b?
d2a
In base 6, what is -424 - 104133?
-105001
In base 3, what is 2120021212010 + 2?
2120021212012
In base 6, what is 32214310 + -523?
32213343
In base 14, what is 1add6dc - -3?
1add701
In base 2, what is 1011000010001000101101001101 - -100?
1011000010001000101101010001
In base 5, what is -130 + -414214?
-414344
In base 3, what is -212122012020102 - -12?
-212122012020020
In base 7, what is 53556 + -1446?
52110
In base 11, what is -4066 + 2174?
-19a2
In base 13, what is 3 + 5154a14?
5154a17
In base 10, what is -411761 + 221?
-411540
In base 7, what is -45 - 2041002?
-2041050
In base 12, what is 539656 + -4?
539652
In base 10, what is -388328 + 26?
-388302
In base 4, what is -3 - -11200312233002?
11200312232333
In base 10, what is -2222 + 88376?
86154
In base 4, what is -201121 + 123223?
-11232
In base 7, what is 11454 + 14625?
26412
In base 11, what is 5613553 + 67?
561360a
In base 10, what is -3446220 + 84?
-3446136
In base 5, what is 1433424 + 34234?
2023213
In base 4, what is 1331312012 - -22?
1331312100
In base 13, what is 4 - -5720164?
5720168
In base 13, what is c13c6 + -115?
c12b1
In base 5, what is -1220 - -3440341?
3434121
In base 3, what is 110122 + -1121011210200?
-1121011100001
In base 9, what is 413 - 810340?
-808826
In base 14, what is 1 - -8b03a5?
8b03a6
In base 6, what is -24040202 - 1?
-24040203
In base 8, what is -4076631 - 166?
-4077017
In base 8, what is 13041342 - -10?
13041352
In base 3, what is 121101 + -11121201210221?
-11121201012120
In base 8, what is -516362 + -2?
-516364
In base 16, what is -14 - 19b8012?
-19b8026
In base 15, what is 5 - -9021cde?
9021ce4
In base 10, what is 4 - 6134509?
-6134505
In base 2, what is 11010110001000001111010000011 + 11?
11010110001000001111010000110
In base 16, what is 286a - -1709f?
19909
In base 7, what is -22602326 + -16?
-22602345
In base 6, what is -1135150 + -33002?
-1212152
In base 13, what is -4 + 20024825?
20024821
In base 11, what is -1aa0a - -4a8?
-1a512
In base 3, what is 2200 + -121000102010120?
-121000102000220
In base 8, what is -2143 - -337246?
335103
In base 5, what is -1 - 234203444?
-234204000
In base 5, what is -1220021 - 224?
-1220300
In base 9, what is -240 + -433038?
-433278
In base 2, what is -1110000 + 1000100011110011010001?
1000100011110001100001
In base 4, what is 2212130131211 + 11?
2212130131222
In base 5, what is 2100241341 + 0?
2100241341
In base 15, what is -47b5c - 3b9?
-48026
In base 11, what is -9a3 + -2331?
-3224
In base 16, what is 2b3 + 3417?
36ca
In base 9, what is 1250 + 38164?
40424
In base 3, what is 1012010 + -21102120011?
-21101101001
In base 7, what is -1134252 + -1?
-1134253
In base 6, what is 5 + 3225531433?
3225531442
In base 4, what is 11100 - 112121130?
-112110030
In base 4, what is -1 + -12223013032?
-12223013033
In base 4, what is -133131021303 + 21?
-133131021222
In base 10, what is -9452 - -17347?
7895
In base 13, what is -101897 - 15?
-1018ac
In base 6, what is 302000010 + -2?
302000004
In base 10, what is 25 + 4520950?
4520975
In base 7, what is 60621 - -1131?
62052
In base 16, what is 2 - -1caf7c?
1caf7e
In base 11, what is -a37 + -7a2a?
-8966
In base 5, what is 0 + 142112201113?
142112201113
In base 5, what is 2 + 13044302434?
13044302441
In base 6, what is 41 + -24251405?
-24251324
In base 11, what is 2226998 - 24?
2226974
In base 13, what is 26 - 868b2?
-86889
In base 5, what is 14110313001 - -3?
14110313004
In base 15, what is 20 + 37751?
37771
In base 14, what is 50d0cc + 1?
50d0cd
In base 15, what is 2 + 34463e9?
34463eb
In base 15, what is -600 - 8dcb?
-94cb
In base 7, what is -543 - -3213061?
3212215
In base 3, what is 2 + 112212020202200202?
112212020202200211
In base 13, what is -4230c + 162?
-4217a
In base 8, what is 17046460 + -5?
17046453
In base 8, what is -36370 + 736?
-35432
In base 13, what is 47 + 99930?
99977
In base 8, what is -664 + -4435601?
-4436465
In base 15, what is -48d - -1196?
c08
In base 8, what is 2 + -5310345?
-5310343
In base 2, what is 1111001100110001000110100 - 1010?
1111001100110001000101010
In base 15, what is 3 - 2376918?
-2376915
In base 14, what is -5 - -b6c51b?
b6c516
In base 3, what is -110101101001 - 2022221?
-110110200222
In base 14, what is 674bad9 - -2?
674badb
In base 14, what is 798 - 89582?
-88bc8
In base 3, what is 210220212200 - 2200?
210220210000
In base 13, what is -47942 + -1013?
-48955
In base 7, what is 331062 - 2613?
325146
In base 16, what is c11c - -433?
c54f
In base 14, what is 2 - 7c6a53?
-7c6a51
In base 14, what is 729 - 5cd?
13a
In base 14, what is -3d33ba1 - 2c?
-3d33bcd
In base 14, what is 59c84bd + -5?
59c84b8
In base 5, what is -414404 + -12?
-414421
In base 7, what is -1403 + -1220355?
-1222061
In base 10, what is -279719423 + 5?
-279719418
In base 12, what is -349178 + -29?
-3491a5
In base 16, what is -292d446 - 1c?
-292d462
In base 4, what is -100 + 10130020313?
10130020213
In base 7, what is 10344466 + -2?
10344464
In base 7, what is 5 - 144062435?
-144062430
In base 4, what is 1 + 32023233311?
32023233312
In base 8, what is -21472712 - 3?
-21472715
In base 15, what is 9 - 11189d?
-111894
In base 2, what is 11 - 1111001011111111010000?
-1111001011111111001101
In base 3, what is 102110211101 - -202100?
102111120201
In base 5, what is -1002 + 2230340432?
2230334430
In base 6, what is -50033 + -1452?
-51525
In base 11, what is -6536 + -1870?
-82a6
In base 9, what is 3 + 135218650?
135218653
In base 3, what is -1101012 - 2222211?
-11101000
In base 7, what is -1312 - -253415?
252103
In base 15, what is 23 - ace9eb?
-ace9c8
In base 3, what is -10 - 2222022102111200?
